be h(7). Suppose 4*f - 556 + l = -r, 3*f - 15 = 0. Let i = -278 - r. Is i a prime number?
True
Suppose -4*k + 323458 = 2*n, 5*n - 562777 - 245838 = -5*k. Is n prime?
True
Suppose 4*h + 11 = -5*b + 3*h, 2*h + 1 = -3*b. Let m be (b - -1) + -1 + 5. Suppose 0*f + 4*v = m*f - 3054, 6117 = 4*f + v. Is f a prime number?
False
Let c = 6140 + -4274. Let u = 5089 - c. Is u a composite number?
True
Is (-13999*(0 + -8 + -20 + 25))/1 a prime number?
False
Suppose 4*m - 6 - 14 = 0. Suppose -4*w - v + 18415 = 0, v - m*v - 20 = 0. Suppose -g = -6*g + w. Is g a composite number?
True
Let m = 604642 + -252879. Is m composite?
False
Let j(d) = -15*d + 135. Let m be j(11). Let o = 220 + -101. Let g = o + m. Is g prime?
True
Let j(f) = 8715*f - 3038. Is j(55) a prime number?
False
Let r = 110 + -98. Let s be -4 + (-4)/(r/(-9)) - -63. Let v = s + 5. Is v a composite number?
False
Suppose 28 = -24*u + 31*u. Suppose u*j = 715 + 3769. Is j a composite number?
True
Let c be (-1)/(21/(-14)) + (-110)/(-6). Suppose -24*o + c*o - 5*k = -4890, o - 3*k = 982. Is o prime?
False
Let m(s) = -58*s**2 - 7*s - s + 2 - 1 - 900*s**2. Let v be m(-2). Let w = -1716 - v. Is w composite?
False
Let j(m) = -332*m**3 - 10*m**2 + 14*m - 9. Is j(-7) a prime number?
True
Let g be ((-228)/(-15))/((-4)/1450). Let p = -2259 - g. Is p a composite number?
False
Suppose 0 = -4*v - 4*k + 991580, -15*k + 1239491 = 5*v - 18*k. Is v a composite number?
True
Let l be 5/2 - (-1 - (-135421)/(-26)). Is (-1 - (-10)/5)*(l + -3) prime?
True
Is ((-75995174)/6118)/(1/(-7)) a prime number?
True
Suppose 15*z - 3240141 - 3177942 = -2105718. Is z a prime number?
True
Let q(u) = -u**2 - 11*u - 21. Let j be q(-9). Let h(b) = 3158*b + 7. Let a be h(-4). Is j/12 + a/(-20) a composite number?
False
Suppose 739508 = 105*n - 1332667. Is n a composite number?
True
Is (-35 + 110)/(-25)*(-5684907)/9*1 a composite number?
False
Let k(b) = 57*b + 25. Let v be 19/7 + (-12)/(-42). Suppose -9 + 21 = v*w. Is k(w) prime?
False
Let y(u) = 270*u**2 + 12. Let q be y(-3). Let g = q - 1367. Suppose v - g = -84. Is v composite?
False
Suppose 0 = 2*g - 4*g + h + 1215752, h = -2*g + 1215764. Is g prime?
False
Suppose 229*f - 223*f - 12 = 0. Suppose 4*p = -c + 2889 + 11658, -2*c + f*p = -29084. Is c a prime number?
True
Let p be (-4)/(-18) + 5476/(-18). Let r = 443 + p. Is r prime?
True
Suppose 2*z + 3*z - 75 = 5*r, 0 = 2*r. Let f(p) = z*p + 0*p - 148*p - 43 - 26*p. Is f(-18) composite?
False
Let g(l) = 4*l**2 + 16*l + 15397. Let i(b) = 7*b**2 + 30*b + 30795. Let h(v) = -11*g(v) + 6*i(v). Is h(0) composite?
True
Suppose 6 = 17*b - 14*b. Suppose b*p - 10*p + 17624 = 0. Is p a prime number?
True
Let v = 58721 - 34234. Is v composite?
True
Suppose -11*j = -9*j - 1886. Suppose 3*f = j - 2380. Is (-3)/(7 - 4)*f a prime number?
True
Suppose -6*w = -2*p - 3*w + 5565, -8335 = -3*p + 2*w. Let v = 2 + p. Is v prime?
True
Suppose -72 + 120 = 8*c. Suppose 0 = p - c*m + 8*m - 6697, -2*p + 5*m + 13367 = 0. Is p composite?
False
Let d = 40520 + -4389. Is d a composite number?
False
Suppose -4*t + 35 = 5*m - 4*m, 0 = 4*m + 4. Suppose 3*r - t = 0, -5*c - r + 10406 = -92. Is c prime?
True
Suppose 5*q - 15 = 0, -2*g = -3*g - 3*q - 84. Let i = 96 + g. Let m(y) = 906*y + 23. Is m(i) a prime number?
True
Suppose -44*q = -222*q + 33134522. Is q composite?
False
Let q = 498 - 494. Suppose q*p - 4*k - 221765 = -7*k, -2*k + 6 = 0. Is p a composite number?
False
Let i(a) = 2*a**2 + 18*a + 45. Let v be i(-5). Suppose -v*x - 4*w + 12131 = -48584, -3*w + 48572 = 4*x. Is x a prime number?
True
Let d be (10 + -6 + 2)*442/4. Suppose 0 = -3*a - 4*m + d, -3*m = -3*a - 2*m + 663. Is a a composite number?
True
Let a = 223324 + -126753. Is a composite?
True
Let o(n) = -2*n - 13. Let l be o(-8). Suppose -81 = -l*a - 4*p + 29, p - 35 = -a. Suppose -a = 2*k - 452. Is k prime?
True
Suppose 5*o = -4*i + 206574 + 744695, -3*o + 951275 = 4*i. Is i prime?
True
Suppose 3*s + 144*t = 140*t + 12474, -8338 = -2*s + t. Is s composite?
True
Let f = 548244 + -381647. Is f composite?
False
Is ((-45)/10)/(-9) - 2713815/(-90) a prime number?
False
Let k(c) = c**2 - 11*c + 17. Let s be k(9). Let x be ((-7)/s)/((-4)/(-356) + 0). Is (2/4*x)/(26/52) a composite number?
True
Suppose -o - 17007 = -y - 3*o, 3*y = 5*o + 50977. Suppose -2*x = 3*p - y, -x - 238 = p - 5903. Is p composite?
False
Let r = -1663713 + 3647210. Is r a composite number?
True
Let p be (0 - -4)*60/16. Let y(u) = 2*u**2 - u**2 + 2*u**2 - 27*u + 11*u + p. Is y(10) a composite number?
True
Suppose l - 4*l + 6 = 3*m, -l = 2*m. Let w(d) = 4*d - 3. Let o be w(l). Suppose -885 = -o*r + 10*r. Is r composite?
True
Suppose 6*p + 2 = 5*p - 4*k, -5*k + 3 = 4*p. Let z(y) = -15 + 15*y + 30*y**p - 30*y + 17*y. Is z(-4) a composite number?
False
Let f(k) = -k**3 + 19*k**2 + 21*k - 10. Let s be f(20). Suppose 0 = -s*d + 13*d + 27. Is ((-4791)/d - 1)/((-10)/(-15)) prime?
True
Suppose -1034356 + 260948 = -16*u. Is u a prime number?
False
Is (-80 - -92) + 192361/1 prime?
True
Let n(x) = -x**2 + 18*x - 13. Let h be n(12). Let t be h - (7 - -3 - 5). Let m = t - -577. Is m a prime number?
True
Let p = -801 - -272. Let x = 3387 - 1165. Let l = p + x. Is l prime?
True
Let y(w) = 51*w**3 + 3*w**2 + 5*w - 6. Let q = -110 + 115. Is y(q) a composite number?
False
Let c be (-7)/(28/(-78296)) + -1 + 5. Suppose 0*z - c = -6*z. Is z a prime number?
False
Suppose -282 = -2*s - 2*n, 3*s - 435 = -2*n - 17. Let q be (-6408)/(-108) + 1/(-3). Suppose -q = -5*d + s. Is d a composite number?
True
Suppose 1443 = 8*i - 2093. Let g be (-3)/12 - 42/(-8). Suppose -125 = -r + g*x + i, 3*r - 1745 = 4*x. Is r a prime number?
True
Suppose -6*d + 2 = -28. Is 2/5 - ((-28708)/d + 5) a prime number?
True
Let m be 2*7*((-1203)/(-6) - 1). Suppose 2*x - x - m = -4*r, 5*r - 3490 = -x. Suppose 2264 = 9*q - r. Is q prime?
False
Suppose -1146679 = -91*y - 185*y + 10627757. Is y prime?
False
Let v(j) = j**3 + 35*j**2 + 66*j + 4. Let g be v(-33). Let f(c) = 670*c + 39. Is f(g) a composite number?
False
Let r be ((-35)/(-7) - 5) + 1. Let m = 814 + r. Is m prime?
False
Let q(c) = 1159*c**2 - 16*c + 29. Suppose 0 = 2*k + m - 3*m + 6, -4*m = -k - 18. Is q(k) a composite number?
True
Let t = -12 + 15. Suppose -5*j + 2598 = 3*n + 667, n = -t. Suppose 10 = 5*s, j = 2*y - y - 3*s. Is y a prime number?
False
Suppose r + 4*r - 20 = 0. Suppose -r*k + 44 + 104 = 0. Is k a prime number?
True
Suppose 4*l + 2 = 2*w + 10, -1 = w - 5*l. Let k be 3 + -2 - (-13 - w). Suppose -n = 0, -4*a - 17164 = -k*a - 3*n. Is a a composite number?
True
Is (10 + -9)/(-6*(-1)/198642) composite?
False
Let w = 790 + -468. Suppose -3*n - 334 - 71 = 0. Let k = n + w. Is k a composite number?
True
Let q = 84 - 56. Let x be (-1639)/(-4) - (-90)/360. Suppose l + q = x. Is l composite?
True
Let i = -12388 - -96909. Is i prime?
True
Let m = -16 - -28. Suppose 4*q = 4*i - 2*i - m, 8 = 2*i - 2*q. Let l(f) = 159*f**2 - f - 3. Is l(i) a composite number?
False
Let w be 1 + -2*(-2)/(-4). Let n be -20*4/(-8) + (-8 - -3). Suppose -87 = -h - 4*b, -h - n*b + 87 = -w*h. Is h a composite number?
True
Suppose 0 = -243*y - 478*y + 29*y + 318926884. Is y prime?
False
Suppose -97*l = -84*l + 1235. Let p(x) = 209*x**2 + 3*x + 2. Let m be p(-2). Let z = l + m. Is z a prime number?
False
Suppose 11*c - 10*c - y - 40630 = 0, -2*c + 81260 = -y. Suppose -31*w - c = -35*w + h, 3*w = -2*h + 30467. Is w prime?
False
Suppose 33*y - 28836716 = -51073 + 16578566. Is y composite?
False
Let i(m) be the first derivative of 889*m**3/3 - 18*m**2 + 2*m - 11. Is i(3) a composite number?
True
Suppose -22 = -4*p - 2*f - 0, 3*p = 5*f + 23. Suppose -4*k = 6 - p. Suppose k*l + 3*l + 230 = 2*w, -4*w - 2*l = -492. Is w composite?
True
Suppose 3 = -5*w + m, -3*m + 47 = -2*w + 38. Suppose w = -4*i - 2*t + 4154, -6*i - 2*t = -8*i + 2080. Is i prime?
True
Let m(b) = 3*b**3 + 7*b**2 + 2*b + 5. Let r(t) be the first derivative of t**2/2 - 16*t - 3. Let q be r(22). Is m(q) a prime number?
False
Let m(a) = 7*a - 97. Let k be m(12). Is 1 + 2 - (12 + 166570)/k a composite number?
True
Let b(y) = y**3 + 7*y**2 - 9*y - 20. Let t be b(-8). Let h(k) = -2*k**2 - 14*k - 15. Let f be h(t). Let l = f + 314. Is l prime?
True
Let d(y) = 20*y**2 + 854*y + 175. Is d(62) a composite number?
Fa